(3). Let u = 10 - s. Calculate the highest common divisor of 2 and u.
1
Suppose -u - k - 10 = k, 2*u - k + 25 = 0. Let g be u/(3/(-6) + -1). Calculate the highest common factor of g and 16.
8
Let d(r) = 2*r**2 + 5*r. Let m be d(-6). Calculate the greatest common factor of m and 294.
42
Suppose 2*y - 5*y = -195. What is the greatest common divisor of y and 26?
13
Let i = 78 - 18. Calculate the highest common divisor of 15 and i.
15
Let h be 531/15 + (-3)/(-5). Calculate the greatest common factor of 90 and h.
18
Let t = 27 - 50. Let h = 5 - t. Suppose -o - h = -2*o. What is the highest common factor of o and 4?
4
Let g = -4 + 6. Suppose -g*m - 2 = 0, -5*m - 5 = 5*q - 15. Suppose -3*f + 2*h = 5*h, 4*h = -f - 9. What is the greatest common factor of q and f?
3
Let b = -33 + 55. Calculate the greatest common factor of b and 22.
22
Let g(o) = o + 2. Let r be g(2). What is the greatest common divisor of 6 and r?
2
Suppose 3*p = -n + 79, -4*p - n + 2*n = -96. Calculate the greatest common divisor of p and 100.
25
Suppose 0 = -5*v - 4*f - 42, -1 = v + 4*f + 17. Let h = 6 + v. Suppose 4*u - u - 21 = h. Calculate the highest common factor of u and 49.
7
Let l(v) be the third derivative of v**6/120 + v**5/12 - v**4/8 - 7*v**3/6 - 6*v**2. Let m be l(-5). Calculate the highest common divisor of 8 and m.
8
Let n(m) = m + 5. Let w be n(15). What is the greatest common factor of 4 and w?
4
Let v = 3 - 9. Let m be (3/v)/(3/(-120)). What is the greatest common factor of 60 and m?
20
Let v(a) = a**3 + 4*a**2 + a + 6. Let z be v(-5). Let s = 73 + z. Let l = -29 + s. Calculate the highest common divisor of l and 5.
5
Let i(j) = 8*j**2 - 2*j - 1. Let t be i(-1). Let q(h) = 7*h + 14. Let v be q(7). Calculate the highest common factor of v and t.
9
Suppose -3*z + 1 + 2 = 2*u, 0 = 4*z + u - 4. Let g be ((-2)/((-6)/21))/z. What is the greatest common factor of 28 and g?
7
Let h(m) = m**2 - m + 2. Let b be h(3). Suppose -b = w - 5*w. Let f be (-1*(-4 - 0))/w. What is the greatest common factor of f and 1?
1
Suppose -3*r + 4*r + 1 = 2*h, 0 = 2*r + 2*h - 28. Suppose -4*b + 2*b - l = -r, 3*l + 29 = 2*b. Calculate the greatest common factor of 28 and b.
7
Let h = 27 - 15. What is the highest common factor of h and 4?
4
Let h(b) = -2 - 16*b + 2 + 0. Let l be h(-4). What is the greatest common divisor of l and 16?
16
Let b = 136 + -114. What is the highest common factor of 33 and b?
11
Suppose 0 = -3*i + 235 + 17. What is the greatest common factor of 12 and i?
12
Let y be 21/15 - (-4)/(-10). Suppose -5*s - 2*p = 2*p - 41, -21 = -5*s + p. Suppose -t + s = -y. Calculate the highest common divisor of 2 and t.
2
Let f be 0/(-1*(0 - -1)). Let i be (-355)/(-5) - (-1 + f). What is the highest common divisor of 8 and i?
8
Let a be ((-5 - -3) + 4)*44. Calculate the greatest common divisor of 8 and a.
8
Let a(r) = -4*r + 4. Suppose 5*c + 20 + 0 = 0. Let h be a(c). What is the greatest common factor of 8 and h?
4
Suppose -4*n = -35 - 161. Suppose 4*d - 31 = -k, 0 = d + 3*k - 15 - 1. What is the greatest common factor of d and n?
7
Let h = 13 - 7. Suppose 18 - h = c. Calculate the highest common factor of c and 6.
6
Let o(u) = -u**3 - 3*u**2 + 7*u - 8. Let h be o(-6). Suppose 30 = j - 11. Let z = h - j. What is the greatest common divisor of 34 and z?
17
Let h be (-135)/(-12)*80/6. Suppose -4*z + h = 2*l - 0*l, 3*z - 4*l - 129 = 0. What is the greatest common divisor of z and 13?
13
Suppose 2*k + 101 + 6 = -5*p, 0 = 5*k + 4*p + 259. Let r be 9/(k/27 + 2). What is the highest common factor of r and 9?
9
Let g = -2 - -5. Suppose 4*r - 3*r + g*z - 40 = 0, 3*z = 0. Let h = 38 + -22. What is the greatest common factor of h and r?
8
Suppose 0 = 3*d - 53 + 14. Suppose -2*b + 2*j + 204 = 0, 604 = 5*b - 2*j + 88. What is the greatest common divisor of d and b?
13
Let n be (-15)/(-90) - 334/(-12). Calculate the greatest common divisor of n and 70.
14
Let w = 72 - 13. Calculate the greatest common factor of 590 and w.
59
Let l = -15 + 29. Suppose z = 2*z - l. What is the greatest common factor of z and 21?
7
Let u(w) = -8*w + 14. Let j(o) = -3*o + 5. Let f(g) = -11*j(g) + 4*u(g). Let i = 68 - 59. Let d be f(i). What is the highest common divisor of d and 15?
5
Let z(c) = -c - 5. Let j be z(-11). What is the greatest common divisor of j and 12?
6
Let r = 26 - 8. Let c = 31 - r. What is the highest common factor of c and 143?
13
Let v(g) = 84*g**2 - 4*g + 2. Let y = 0 + 2. Let u be v(y). Suppose 0*l - u = -3*l. What is the greatest common factor of 10 and l?
10
Let r(w) = w + 15. Let s be r(-6). Let m be (-1 + 6/s)*-24. What is the greatest common factor of m and 56?
8
Let s = -2 + 6. Let d be s*3/18*3. Suppose -4*x = -18 + 2, 0 = 5*w + d*x - 48. What is the highest common divisor of 20 and w?
4
Let c be ((-4)/(-3))/((-4)/(-18)). Suppose g + 30 = c*g. Suppose -47 - 7 = -u. Calculate the greatest common factor of u and g.
6
Suppose h + 0*h - 9 = 0. Suppose 0 = 2*v + 3 - h. Suppose -5 = -p + v. What is the greatest common divisor of 88 and p?
8
Let z(y) = y**3 - y + 76. Let i be z(0). Let f be -2*135/12*-2. Suppose 3*l = 3*u - f, -5*u = -0*u - 4*l - 79. Calculate the greatest common divisor of i and u.
19
Let x = 76 - 39. Suppose -5*l + 223 = -x. Calculate the greatest common factor of 26 and l.
26
Let y be -1 + 0 + 4 + 52. Let m = 12 - 8. Suppose -t = m*t - y. Calculate the greatest common factor of t and 22.
11
Let h = 1 - 1. Suppose 4*i = -16, h = 4*m + 2*i - 47 - 25. Let r be 3/((-24)/(-10))*4. Calculate the greatest common divisor of m and r.
5
Let k = -1 - -5. Suppose 0*g - 52 = -k*g. Let b(n) = -n**3 + n**2 + 4*n + 2. Let h be b(-3). Calculate the greatest common divisor of h and g.
13
Let u(v) = -v**3 + 4*v**2 + v - 2. Let z be u(2). Let o be (-4)/z - 19/(-2). What is the greatest common factor of 6 and o?
3
Let b = 21 + 36. Calculate the greatest common factor of 38 and b.
19
Let m(h) = -2*h + 2. Let b be m(-9). Calculate the highest common factor of b and 8.
4
Let u be (8 - -1)*(2 + (-27)/(-9)). Let g = -7 + 10. Let j be 15*(1 + (-2)/g). Calculate the greatest common divisor of j and u.
5
Let s(x) = -258*x + 3. Let h be s(-2). Let c = -348 + h. Let t = 46 + -27. What is the highest common divisor of t and c?
19
Suppose 5*j + 5*r = -30, 5*r = 3*j + 2*r - 6. Let k be ((-6)/2 + 3)/j. Let q = 20 - k. What is the greatest common factor of 8 and q?
4
Let s(n) = 2*n - 1. Let p be s(3). What is the highest common divisor of p and 10?
5
Let m = 4 - -2. Let n = -53 - -89. Suppose -4*y + n = -u - 39, -y - 5*u = -3. What is the highest common divisor of y and m?
6
Let u be (328/(-18) - (-10)/45)*-1. Calculate the highest common divisor of 198 and u.
18
Let w(d) = -9*d**2 - d. Let y be w(-1). Let t be (y/6)/((-2)/9). Calculate the highest common divisor of 54 and t.
6
Suppose 2*x = -4, 8*q + 5*x = 5*q - 1. Suppose 2*a - 362 = -4*u, -u = -q*u + 2*a + 178. What is the highest common divisor of 30 and u?
30
Let r be (-2)/3 + (-4)/(-6). Suppose -5*y = 15, -5*h + h + 5*y = -11. Let t = r - h. What is the highest common factor of t and 5?
1
Let d = -16 - -26. Let h be (-3)/(-12) + 2/(-8). Let f(y) = y**2 + y + 40. Let k be f(h). What is the highest common factor of d and k?
10
Let p be (-1)/(-6) + 1*11335/30. Calculate the greatest common factor of 42 and p.
42
Suppose -4*h = -x + 3*x - 54, -3*x + 84 = 3*h. Calculate the greatest common divisor of x and 87.
29
Suppose 28 = 3*x - q - 11, 4*x - 2*q = 54. Suppose -z = -4*s + 2*s - 160, 4*z - 400 = 5*s. Let y = 140 + s. Calculate the greatest common divisor of x and y.
12
Let r be 261/6*(-4)/(-3). Let l be ((-145)/10)/((-10)/100). What is the greatest common divisor of r and l?
29
Suppose -4*j + 5*p = -18 + 2, 61 = 5*j + 4*p. What is the greatest common factor of j and 81?
9
Suppose -2*j = -c - 3*j + 6, -8 = 4*c - 4*j. Suppose 3*w + 4*v - 31 = 0, -c*w + 5*v + 75 = 3*w. Calculate the highest common divisor of w and 13.
13
Suppose -5*c - 9 = -2*c. Suppose -4*f - 6 = 2*q, -2*f = 3*q + 2*q + 7. Let p = q - c. Calculate the highest common divisor of p and 1.
1
Suppose 2*c - 24 = -4*r - 0*r, c = r + 24. Suppose 4*v = -9 - 7. Let p be ((-24)/15)/v*20. Calculate the greatest common divisor of p and c.
4
Suppose 3*n - 5*n = -198. Calculate the highest common divisor o